(4).
-6
Let g(b) be the second derivative of b**3/2 + 17*b**2/2 - 954*b. Calculate g(0).
17
Let u(i) = -396 + 5*i - 415 + 791. What is u(4)?
0
Let g(y) be the second derivative of -29*y**5/20 - y**3/6 + 7*y. Suppose 6*h - 17 = h - 3*q, -5*h = -5*q + 15. Calculate g(h).
-30
Let i(n) be the third derivative of -n**5/20 + n**4/24 + n**3/3 - 12*n**2 - 7*n. Suppose -4*v + 3 + 5 = 0. Suppose -x - v*x = -6. Give i(x).
-8
Let d(m) = -47*m**2 + 22*m - 118. Let h(k) = -39*k**2 + 22*k - 117. Let s(u) = -5*d(u) + 6*h(u). Determine s(-26).
-8
Suppose 2*k - 258 = 2*w, 48 - 286 = -2*k - 3*w. Let a(v) = 68*v - 3 - 2 + 71*v + 2 - k*v. Give a(3).
39
Let f(m) = 23*m**2 + 40*m - 32. Let v(b) = 147*b + 122*b + 11 - 283*b - 8*b**2. Let p(r) = -6*f(r) - 17*v(r). Give p(4).
-35
Let b(l) = -l**3 + 9*l**2 - 5*l - 5. Suppose 5*n - 89 = -69. Suppose 2*f - 5*p + n*p = 21, 5*f - 15 = -5*p. Give b(f).
19
Let j(i) = -20*i**3 + 14*i**2 - 7*i + 16. Let h(t) = 17*t**3 - 12*t**2 + 6*t - 17. Let z(k) = 7*h(k) + 6*j(k). Let f be 1*-1 - (-5)/5. What is z(f)?
-23
Let f(o) = 5*o + 159*o**2 + 53 + 132*o**2 + 2*o - 292*o**2. What is f(16)?
-91
Let r(d) be the third derivative of 1/6*d**3 + 0 - 86*d**2 + 1/120*d**6 + 0*d + 3/20*d**5 + 1/24*d**4. What is r(-9)?
-8
Let x(a) = 2*a + 2. Suppose 0*g = -2*g - 5*r + 30, -3*g + 23 = 2*r. Suppose -2*q + i - 3 = -2, -4*q + g*i - 17 = 0. Give x(q).
6
Let h(d) = -28*d + 124. Let q(t) = 33*t - 150. Let f(j) = 4*h(j) + 3*q(j). Calculate f(4).
-6
Suppose 8*t + 78 = 30. Let m(l) = -l - 12. Let h(a) = -a - 11. Let o(y) = 4*h(y) - 3*m(y). Determine o(t).
-2
Let i(l) = -l**3 - 13*l**2 - 7*l + 66. Suppose -4*b + 36 = -4*q, -3*q - 33*b + 28*b = 51. Determine i(q).
6
Suppose 33*x + 2019 = 30*x. Let d = x + 672. Let i(s) = 6*s**3 + s**2 - 2*s - 1. Let g(a) = -6*a**3 + 2*a + 1. Let h(o) = -3*g(o) - 2*i(o). What is h(d)?
-7
Let d(x) = x**2 - 5*x + 6. Let b be 1*5 + (-32)/32. Suppose 5*f - 5 = 5*s, s + 0*f = b*f - 16. What is d(s)?
2
Suppose -5*n + 5 - 12 = 2*j, 0 = -5*j + 20. Let h(d) = 2*d**3 - 2*d**2 - 4*d - 12. Let f(i) = -i**3 + 2*i**2 + 3*i + 10. Let a(v) = -3*f(v) - 2*h(v). Give a(n).
6
Suppose 3*r = l + 1171, 6*l - 10*l - 1954 = -5*r. Let x = r + -401. Let b(v) = v + 10. Determine b(x).
-1
Let l(s) = -4*s**2 + 2*s**2 + s**2 - 2561*s - 19 + 2555*s. Give l(-6).
-19
Let i(s) = 0*s**2 + 1024*s - 1023*s - 3*s**2 + 3. Give i(3).
-21
Let n = 438 - 408. Let g be (19/(380/n))/(2/8). Let y(q) = q**3 - 7*q**2 + 3*q - 5. Give y(g).
-23
Suppose -4*z + 267 - 327 = 4*f, -5*f - 65 = 4*z. Let s = 1 + 2. Let h(o) = 4*o**2 + 13*o - 5. Let p(l) = -l**2 - l. Let q(n) = s*p(n) + h(n). Determine q(z).
-5
Let v(g) be the first derivative of -5*g**5/24 - g**4/24 + 26*g**3/3 + 73. Let a(x) be the third derivative of v(x). Calculate a(1).
-26
Let l(d) = d**2 - 4*d - 6. Let p be l(5). Let c(j) be the first derivative of -254 + 205 - j + 4*j**3 + 2*j**3. Calculate c(p).
17
Let v be (-2 - (-80)/36) + 6148/36. Let l(g) = v - 87 - 5*g - 80. Let b be 1/(2 - 7/4). Give l(b).
-16
Let u(k) = 2*k**2 - 22*k - 212. Let z be u(-6). Let c(r) be the first derivative of -r**4/4 - 3*r**3 - 9*r**2/2 - r + 1. What is c(z)?
7
Let b(y) = y**2 - 22*y + 52. Suppose 3*a = 5*l - 101, l + 61 = 4*l - 2*a. Let h be b(l). Let n(x) = -2*x**2 - 12*x - 5. Determine n(h).
5
Let x(d) = d**3 - 8*d**2 - 9*d - 3. Suppose -27*w + 24*w = 6. Let v(y) = 4*y + 17. Let z be v(w). What is x(z)?
-3
Let l(q) be the first derivative of 3/2*q**2 - 77 + 2/3*q**3 - 3*q - 1/2*q**4. Determine l(2).
-5
Let f be (18018/(-5005))/(6/(-5)). Let h(m) = -5 + 6 - 5 + 3*m. Give h(f).
5
Let g(u) be the first derivative of -3*u + 32 + 1/3*u**3 - u**2. Let s be g(-1). Let o(w) = w**3 - w + 2. Determine o(s).
2
Let h(s) = 403*s + 4036. Let z be h(-10). Let q(m) be the second derivative of m**3/3 - 5*m**2/2 - 2*m. What is q(z)?
7
Let f = -29 - -34. Let p be ((-2)/8)/((-9)/(-36))*-19. Let n(b) = 8 - p + b + 13. What is n(f)?
7
Let p(z) = 3*z + 18. Let a(g) = 2*g + 17. Let b(s) = -4*a(s) + 3*p(s). Let j = 55 + -38. Let c = 26 - j. Calculate b(c).
-5
Let g be 1 + (3 + -1)/1. Suppose -g*s - 20 = 2*s. Let y(o) = 568 + 21*o - 3*o**2 - 570 - 18*o + 4*o**2. Give y(s).
2
Let m(x) = -7*x - 4. Let i(k) = -7*k - 5. Let c(d) = 5*i(d) - 4*m(d). Let b be (-1*1)/(5/10). Let u(f) = -3*f - 4. Let v(a) = b*c(a) + 5*u(a). What is v(-4)?
2
Suppose 385*o + 2626 = -69. Let b(r) = 2*r**3 + 14*r**2 - 5*r - 31. Calculate b(o).
4
Let x(a) = 1840 - 1850 + 0*a**2 - 3*a**2 + 3*a + 4*a**2 - 9*a. What is x(-3)?
17
Let w(s) = 148 - 7*s - 16 - 8*s - 10*s + 11*s. Calculate w(10).
-8
Let g(x) = 4*x**2 + 5*x - 7. Let c(l) = -4*l**2 - l + 4 + 3*l**2 + 11 - 13. Let a(n) = 3*c(n) + g(n). Calculate a(-2).
-1
Let m(f) = 2*f - 6. Let t be -5 - -1 - 5*13. Let d = t + 63. What is m(d)?
-18
Suppose 3*a + 536 = 5*s, 20*a = 24*a + 8. Let j = 110 - s. Let g(l) = -4 + 3*l + 4. Give g(j).
12
Suppose -140 = u - 2*u. Suppose -h + 5*d + 37 + 42 = 0, 0 = 2*h - 4*d - u. Suppose x = 9*x - h. Let a(m) = m**2 - 8*m + 3. What is a(x)?
3
Let l(m) = m + 5. Let x(q) = q + 6. Let i(v) = 5*l(v) - 4*x(v). Let a = -54 - -17. Let t = a + 43. What is i(t)?
7
Let v(q) be the first derivative of -q**6/360 + q**5/24 + 13*q**4/24 - 46*q**3 - 111. Let u(d) be the third derivative of v(d). Give u(7).
-1
Let v(p) be the second derivative of -p**5/20 - 7*p**4/12 + 4*p**3/3 + 5*p**2/2 + 568*p - 2. Suppose -2 - 1 = 3*w. Let s be w/(3/3) + -7. Give v(s).
5
Let x(v) be the third derivative of -v**6/120 - v**5/60 + v**4/24 - v**3/3 + 14*v**2. Let s(c) = 2*c - 22. Let y be s(10). Determine x(y).
0
Let v(b) be the second derivative of b**4/12 - b**3/3 - 2*b. Let n(o) = o**3 - 5*o**2 + 2. Let l = -96 - -101. Let i be n(l). What is v(i)?
0
Let g(c) = -5*c. Let u be g(1). Let n(m) = -8*m + 5*m - 2538736 + 2538720. Calculate n(u).
-1
Let l be (-57)/(4/(-8) - 1). Let u(g) = -1 + 40*g - l*g + 4. Calculate u(-7).
-11
Suppose 33*d + 101 + 394 = 0. Let r be d/2 + (-8)/(-16). Let b(i) = -i**2 - 8*i + 8. Calculate b(r).
15
Suppose -22 = 5*u + 3. Let p be 1/(-5*(-5)/50). Let n(j) = -3 - j**p + 4 - 4*j - 1. Give n(u).
-5
Let i = 20 + -22. Let a(t) be the first derivative of t**4/4 + 2*t**3/3 + t**2 - t - 1492. What is a(i)?
-5
Let c = 59 - 58. Let y(l) = -58*l + 64. Let g be y(c). Let h(a) = -4*a - 3. Let k(p) = p. Let j(n) = -h(n) - 5*k(n). Calculate j(g).
-3
Let l(p) = -p + 5*p + 9*p + p**2 - 16*p - 12. Determine l(-8).
76
Let g(j) = -3*j**3 - 6 + 5*j**3 + 5981*j**2 + 8*j - 5989*j**2. What is g(5)?
84
Suppose -29*c - 60*c = -66*c + 437. Let z(u) = 19*u + 345. Calculate z(c).
-16
Let o(c) = c**2 - 30*c + 98. Suppose -1447*j = -1406*j - 1066. Determine o(j).
-6
Let z(t) = 2*t - 22. Let i be z(0). Let j = i - -73. Suppose 4*k + j = 6*o - o, 2*k + 8 = 0. Let h(q) = -q**2 + 9*q - 10. Calculate h(o).
4
Let b = -20 + 25. Suppose s - 4 = -0*s, -s = b*y - 29. Let f(r) = -y + r + 6 - 1. Determine f(4).
4
Let y(f) = f. Let g(b) = 8*b + 2. Let l = -67 + 63. Let n(w) = l*y(w) + g(w). Let z be n(-1). Let q(r) = -r**2 + r - 2. Determine q(z).
-8
Let j be 5*(-3)/2*(-32)/48. Let q(a) = 25*a**3 - 2*a**2 + 6*a - 7. Let k(n) = -13*n**3 + n**2 - 2*n + 3. Let f(b) = j*k(b) + 2*q(b). Calculate f(-1).
15
Let h(f) = 24*f + 1. Let b(v) = 166*v + 17. Let k(w) = b(w) - 7*h(w). Calculate k(0).
10
Let l(h) = -11*h - 8 + 2*h - 39*h**2 + 33*h**2 + 14*h**2. Determine l(-1).
9
Let d(b) = -b**3 - 25*b**2 - 25*b - 50. Suppose 894 - 27 = -68*y - 765. Calculate d(y).
-26
Let x(t) = 3*t. Let z(v) = -v**2 - v - 30. Let y be z(0). Suppose -37*g - 51 = 14*g. Let b be -4 - (y/5 - g). Give x(b).
3
Suppose -t + 2*a + 4 = a, 0 = -4*a + 8. Let f(g) = 4*g + 13 + 2*g + 3*g - t*g - 4. Calculate f(-13).
-30
Suppose -3*o + 8 = -5*o. Let h(m) = -3*m**2 - 131 + 34 + 4*m - m**3 + 44 + 22 + 29. Calculate h(o).
-2
Let b(v) = 7*v + 31. Let n be b(-4). Suppose 0 = l + n*i + 14, -i - 4*i - 25 = 0. Let j(m) = -28*m**2 + 2*m - 1. What is j(l)?
-27
Let g(o) = -5*o - 9. Let v(q) = 28*q + 5. Let t(l) = -6*g(l) - v(l). Calculate t(-12).
25
Let a(y) = -60*y - 1749. Let q be a(-29). Let w(o) = -o**3 - 8*o**2 + 12*o - 7. What is w(q)?
-34
Suppose -7*n = -3*n - 68. Suppose -3 = -s - 2*d, -5*s = d + d + n. Let t(b) = -4*b - 21. Let i(m) = 2*m + 10. Let f(l) = s*i(l) - 2*t(l). Determine f(-6).
4
Let x = 